{"id":340,"date":"2020-04-07T13:29:45","date_gmt":"2020-04-07T13:29:45","guid":{"rendered":"http:\/\/bvbarrancos.pt\/?page_id=340"},"modified":"2026-03-23T13:27:06","modified_gmt":"2026-03-23T13:27:06","slug":"orgaos-sociais","status":"publish","type":"page","link":"https:\/\/bvbarrancos.pt\/?page_id=340","title":{"rendered":"\u00d3rg\u00e3os Sociais"},"content":{"rendered":"<p style=\"text-align: center;\"><span style=\"font-size: 14pt;\"><strong>Bi\u00e9nio 2026\/2027<\/strong><\/span><\/p>\n<h4 style=\"text-align: center;\"><strong>Assembleia Geral<br \/>\n<span style=\"font-size: 10pt;\">\u00d3rg\u00e3o Deliberativo<\/span><\/strong><\/h4>\n<table style=\"width: 100%; height: 168px;\" border=\"0\" width=\"100%\" align=\"center\">\n<tbody>\n<tr style=\"height: 24px;\" align=\"center\" bgcolor=\"#9e0000\">\n<td style=\"height: 24px;\" width=\"494\"><span style=\"color: #ffff00;\"><strong>Cargo<\/strong><\/span><\/td>\n<td style=\"height: 24px;\" width=\"495\"><span style=\"color: #ffff00;\"><strong>Nome<\/strong><\/span><\/td>\n<\/tr>\n<tr style=\"height: 24px;\" align=\"center\" bgcolor=\"#e6e6e6\">\n<td style=\"height: 24px;\" width=\"494\">Presidente<\/td>\n<td style=\"height: 24px;\" width=\"495\">Jo\u00e3o Francisco Mendes Pica<\/td>\n<\/tr>\n<tr style=\"height: 24px;\" align=\"center\" bgcolor=\"#e6e6e6\">\n<td style=\"height: 24px;\" width=\"494\">Vice &#8211; Presidente<\/td>\n<td style=\"height: 24px;\" width=\"495\">Idalino Alcario Saramago<\/td>\n<\/tr>\n<tr style=\"height: 24px;\" align=\"center\" bgcolor=\"#e6e6e6\">\n<td style=\"height: 24px;\" width=\"494\">Secret\u00e1rio<\/td>\n<td style=\"height: 24px;\" width=\"495\">Carlos Filipe Ramos L\u00e9rias<\/td>\n<\/tr>\n<tr style=\"height: 24px;\" align=\"center\" bgcolor=\"#e6e6e6\">\n<td style=\"height: 24px;\" width=\"494\">Suplente 1<\/td>\n<td style=\"height: 24px;\" width=\"495\">Helena Ca\u00e7ador Pica<\/td>\n<\/tr>\n<tr style=\"height: 24px;\" align=\"center\" bgcolor=\"#e6e6e6\">\n<td style=\"height: 24px;\" width=\"494\">Suplente 2<\/td>\n<td style=\"height: 24px;\" width=\"495\">Rui Miguel Rico R\u00fabio<\/td>\n<\/tr>\n<\/tbody>\n<\/table>\n<h4 style=\"text-align: center;\"><strong>Dire\u00e7\u00e3o<br \/>\n<span style=\"font-size: 10pt;\">\u00d3rg\u00e3o Administrativo<\/span><\/strong><\/h4>\n<table border=\"0\" width=\"100%\" align=\"center\">\n<tbody>\n<tr align=\"center\" bgcolor=\"#9e0000\">\n<td width=\"493\"><span style=\"color: #ffff00;\"><strong>Fun\u00e7\u00e3o<\/strong><\/span><\/td>\n<td width=\"496\"><span style=\"color: #ffff00;\"><strong>Nome<\/strong><\/span><\/td>\n<\/tr>\n<tr align=\"center\" bgcolor=\"#e6e6e6\">\n<td width=\"493\">Presidente<\/td>\n<td width=\"496\">Jos\u00e9 Domingos Mendes Marques<\/td>\n<\/tr>\n<tr align=\"center\" bgcolor=\"#e6e6e6\">\n<td width=\"493\">Vice &#8211; Presidente<\/td>\n<td width=\"496\">Domingos Maria Ruivo Pica<\/td>\n<\/tr>\n<tr align=\"center\" bgcolor=\"#e6e6e6\">\n<td width=\"493\">Secret\u00e1rio<\/td>\n<td width=\"496\">Daniela Isabel Rodrigues Cortegano Mata<\/td>\n<\/tr>\n<tr align=\"center\" bgcolor=\"#e6e6e6\">\n<td width=\"493\">Tesoureiro<\/td>\n<td width=\"496\">Francisco Jos\u00e9 Nunes Gabriel Bossa<\/td>\n<\/tr>\n<tr align=\"center\" bgcolor=\"#e6e6e6\">\n<td width=\"493\">Vogal<\/td>\n<td width=\"496\">Domingos Pelicano Mondrag\u00e3o<\/td>\n<\/tr>\n<tr align=\"center\" bgcolor=\"#e6e6e6\">\n<td width=\"493\">Suplente 1<\/td>\n<td width=\"496\">Filipe Jos\u00e9 Barrocal Marcelo<\/td>\n<\/tr>\n<tr align=\"center\" bgcolor=\"#e6e6e6\">\n<td width=\"493\">Suplente 2<\/td>\n<td width=\"496\">Ilda da Concei\u00e7\u00e3o B. Abade Baleiz\u00e3o<\/td>\n<\/tr>\n<\/tbody>\n<\/table>\n<h4 style=\"text-align: center;\"><strong>Conselho Fiscal<br \/>\n<span style=\"font-size: 10pt;\">\u00d3rg\u00e3o de Fiscaliza\u00e7\u00e3o<\/span><\/strong><\/h4>\n<table border=\"0\" width=\"100%\" align=\"center\">\n<tbody>\n<tr align=\"center\" bgcolor=\"#9e0000\">\n<td width=\"482\"><span style=\"color: #ffff00;\"><strong>Fun\u00e7\u00e3o<\/strong><\/span><\/td>\n<td width=\"507\"><span style=\"color: #ffff00;\"><strong>Nome<\/strong><\/span><\/td>\n<\/tr>\n<tr align=\"center\" bgcolor=\"#e6e6e6\">\n<td width=\"482\">Presidente<\/td>\n<td width=\"507\">S\u00e9rgio Manuel Bartolo Seg\u00e3o<\/td>\n<\/tr>\n<tr align=\"center\" bgcolor=\"#e6e6e6\">\n<td width=\"482\">Vice &#8211; Presidente<\/td>\n<td width=\"507\">Alexandra Maria Alves Pica Bergano<\/td>\n<\/tr>\n<tr align=\"center\" bgcolor=\"#e6e6e6\">\n<td width=\"482\">Secret\u00e1rio Relator<\/td>\n<td width=\"507\">Ad\u00edlia Morgado B. Ferreira Pelicano<\/td>\n<\/tr>\n<tr align=\"center\" bgcolor=\"#e6e6e6\">\n<td width=\"482\">Suplente<\/td>\n<td width=\"507\">Isabel Maria Novalio Lopes<\/td>\n<\/tr>\n<\/tbody>\n<\/table>\n","protected":false},"excerpt":{"rendered":"<p>Bi\u00e9nio 2026\/2027 Assembleia Geral \u00d3rg\u00e3o Deliberativo Cargo Nome Presidente Jo\u00e3o Francisco Mendes Pica Vice &#8211; Presidente Idalino Alcario Saramago Secret\u00e1rio<\/p>\n","protected":false},"author":1,"featured_media":0,"parent":0,"menu_order":0,"comment_status":"closed","ping_status":"closed","template":"","meta":{"footnotes":"","_links_to":"","_links_to_target":""},"class_list":["post-340","page","type-page","status-publish","hentry"],"_links":{"self":[{"href":"https:\/\/bvbarrancos.pt\/index.php?rest_route=\/wp\/v2\/pages\/340","targetHints":{"allow":["GET"]}}],"collection":[{"href":"https:\/\/bvbarrancos.pt\/index.php?rest_route=\/wp\/v2\/pages"}],"about":[{"href":"https:\/\/bvbarrancos.pt\/index.php?rest_route=\/wp\/v2\/types\/page"}],"author":[{"embeddable":true,"href":"https:\/\/bvbarrancos.pt\/index.php?rest_route=\/wp\/v2\/users\/1"}],"replies":[{"embeddable":true,"href":"https:\/\/bvbarrancos.pt\/index.php?rest_route=%2Fwp%2Fv2%2Fcomments&post=340"}],"version-history":[{"count":15,"href":"https:\/\/bvbarrancos.pt\/index.php?rest_route=\/wp\/v2\/pages\/340\/revisions"}],"predecessor-version":[{"id":28871,"href":"https:\/\/bvbarrancos.pt\/index.php?rest_route=\/wp\/v2\/pages\/340\/revisions\/28871"}],"wp:attachment":[{"href":"https:\/\/bvbarrancos.pt\/index.php?rest_route=%2Fwp%2Fv2%2Fmedia&parent=340"}],"curies":[{"name":"wp","href":"https:\/\/api.w.org\/{rel}","templated":true}]}}