{"id":791,"date":"2022-12-26T10:07:52","date_gmt":"2022-12-26T10:07:52","guid":{"rendered":"http:\/\/bvbarrancos.pt\/?page_id=791"},"modified":"2022-12-26T10:07:52","modified_gmt":"2022-12-26T10:07:52","slug":"privacidade-termos-uso-rgdp","status":"publish","type":"page","link":"https:\/\/bvbarrancos.pt\/?page_id=791","title":{"rendered":"Privacidade &#038; Termos Uso &#038; RGDP"},"content":{"rendered":"<p><strong>Termos Uso e Privacidade\u00a0<\/strong><\/p>\n<p>Os Bombeiros de Barrancos respeitam a sua privacidade e est\u00e1 empenhada em proteger as informa\u00e7\u00f5es pessoais que partilhar connosco. Muitas sec\u00e7\u00f5es do nosso Web Site podem ser navegadas sem recurso a qualquer informa\u00e7\u00e3o da sua parte. Quando necessitamos da sua informa\u00e7\u00e3o pessoal para disponibilizar servi\u00e7os ou produtos, ou quando decidir indicar-nos os seus dados, este documento descreve como fazemos uso dessa informa\u00e7\u00e3o.<\/p>\n<p><strong>Remo\u00e7\u00e3o de Dados \/ RGPD<\/strong><\/p>\n<p>Caso n\u00e3o pretenda receber mais comunica\u00e7\u00f5es da nossa parte, nomeadamente newsletters e outros emails, por favor clique no bot\u00e3o abaixo para que os seus dados pessoais sejam apagados da nossa base de dados, clique aqui:<br \/>\n<a href=\"http:\/\/bvbarrancos.pt\/rgpd\" target=\"_blank\" rel=\"noopener\">http:\/\/bvbarrancos.pt\/rgpd<\/a><\/p>\n<p><strong>Registo de Informa\u00e7\u00e3o<\/strong><\/p>\n<p>Informa\u00e7\u00e3o pessoal \u00e9 qualquer informa\u00e7\u00e3o que possa ser usada para identificar um indiv\u00edduo ou entidade, incluindo, mas n\u00e3o limitado a, nome, endere\u00e7o de email, endere\u00e7o postal, telefone ou outra informa\u00e7\u00e3o necess\u00e1ria para prestarmos o servi\u00e7o ou fornecermos o produto que solicitar.<\/p>\n<p>Quando navega no nosso web site, f\u00e1-lo anonimamente, a n\u00e3o ser que se tenha previamente identificado atrav\u00e9s de um login e password. Fazemos registo dos endere\u00e7os de IP que consultam o nosso site (o endere\u00e7o Internet do seu computador) para nos dar uma ideia de que parte do website visita e quanto tempo navega nas nossas p\u00e1ginas, e pedidos de or\u00e7amentos. Como muitos outros websites, a Bombeiros de Barrancos, usa uma tecnologia standard denominada \u201ccookie\u201d para reunir informa\u00e7\u00e3o acerca de como usa o nosso website.<\/p>\n<p>Quando a sua informa\u00e7\u00e3o pessoal \u00e9 pedida para um registo, informamos qual o motivo para que \u00e9 pedida.<\/p>\n<p>Bombeiros de Barrancos n\u00e3o transfere a sua informa\u00e7\u00e3o para terceiros, nem pergunta se permite que os use para esse ou outro qualquer fim.<\/p>\n<p>Quando decide ceder-nos a sua informa\u00e7\u00e3o pessoal, s\u00f3 a transferimos entre os v\u00e1rios servi\u00e7os.<br \/>\nTodos os servi\u00e7os que incluam envio de emails s\u00f3 s\u00e3o activados atrav\u00e9s da selec\u00e7\u00e3o da op\u00e7\u00e3o respectiva.<\/p>\n<p><strong>Cookies e Tecnologias de Rastreio<\/strong><\/p>\n<p>Um cookie \u00e9 um pequeno ficheiro de dados que alguns web sites escrevem no disco r\u00edgido quando os visita. Um cookie pode conter informa\u00e7\u00e3o como um identificador de utilizador que o site usa para verificar as p\u00e1ginas que visita, mas a \u00fanica informa\u00e7\u00e3o pessoal que um cookie pode conter \u00e9 aquela que for fornecida por si. Um cookie n\u00e3o pode ler dados do seu disco r\u00edgido ou ler outros cookies criados por outros web sites. Algumas partes do nosso site, usam cookies para fazer o rastreio das p\u00e1ginas que consulta. Utilizamos esta informa\u00e7\u00e3o para verificar a utilidade e facilidade de utiliza\u00e7\u00e3o do nosso site e para verificar se tem permiss\u00e3o de aceder a determinados servi\u00e7os ou produtos.<\/p>\n<p>Se preferir n\u00e3o receber cookies quando visitar o nosso web site, pode configurar o seu programa de navega\u00e7\u00e3o (\u201cbrowser\u201d) para avisar antes de registar um cookie no seu disco r\u00edgido e recus\u00e1-lo quando \u00e9 alertado da sua presen\u00e7a. Tamb\u00e9m pode recusar todos os cookies se configurar o seu programa de navega\u00e7\u00e3o nesse sentido, embora se o fizer pode n\u00e3o conseguir consultar algumas sec\u00e7\u00f5es do nosso site.<\/p>\n<p>Utiliza\u00e7\u00e3o da informa\u00e7\u00e3o registada<\/p>\n<p>Bombeiros de Barrancos, usam a informa\u00e7\u00e3o cedida por si no nosso site para satisfazer os seus pedidos de produtos e servi\u00e7os, personalizar a sua experi\u00eancia de utiliza\u00e7\u00e3o do site, mant\u00ea-lo actualizado sobre novos produtos e servi\u00e7os ou outra informa\u00e7\u00e3o que achamos relevante.<\/p>\n<p><strong>Partilha de Informa\u00e7\u00e3o<\/strong><\/p>\n<p>A sua informa\u00e7\u00e3o pessoal nunca \u00e9 partilhada fora dos Bombeiros de Barrancos, sem a sua permiss\u00e3o. Os Bombeiros de Barrancos n\u00e3o ceder\u00e3o a sua informa\u00e7\u00e3o pessoal a outras empresas ou pessoas.<\/p>\n<p><strong>Seguran\u00e7a dos Dados<\/strong><\/p>\n<p>Os seus dados registados nos nossos servidores est\u00e3o sempre protegidos por um login e password para sua seguran\u00e7a. Bombeiros de Barrancos asseguram a confidencialidade e seguran\u00e7a dos dados atrav\u00e9s de procedimentos f\u00edsicos, electr\u00f3nicos e processuais. Sempre que s\u00e3o introduzidos dados confidenciais em Bombeiros de Barrancos utiliza protocolos encriptados (SSL) para aumentar a seguran\u00e7a das transac\u00e7\u00f5es. Apesar de fazermos todos os esfor\u00e7os, n\u00e3o podemos garantir a seguran\u00e7a da informa\u00e7\u00e3o que nos transmite, pelo que apelamos a que tome todas as precau\u00e7\u00f5es para proteger os seus dados pessoais enquanto est\u00e1 a utilizar a Internet. Mude as passwords frequentemente, use combina\u00e7\u00f5es de letras e n\u00fameros e assegure-se que utiliza um programa de navega\u00e7\u00e3o que permita o uso de comunica\u00e7\u00e3o segura (SSL).<\/p>\n<p><strong>Menores e Privacidade<\/strong><\/p>\n<p>Bombeiros de Barrancos, n\u00e3o t\u00eam como p\u00fablico-alvo nem pretendem atrair visitas de crian\u00e7as. Bombeiros de Barrancos n\u00e3o solicita informa\u00e7\u00e3o pessoal a crian\u00e7as nem lhes envia por qualquer meio pedidos para informa\u00e7\u00e3o pessoal.<\/p>\n<p><strong>Sites de Terceiros<\/strong><\/p>\n<p>Em algumas ocasi\u00f5es, pode encontrar nas Bombeiros de Barrancos liga\u00e7\u00f5es para outros sites exteriores. Bombeiros de Barrancos n\u00e3o partilham a sua informa\u00e7\u00e3o pessoal com esses sites e n\u00e3o s\u00e3o respons\u00e1veis pela sua pol\u00edtica de privacidade. Encorajamo-lo a consultar a Pol\u00edtica de Privacidade de todos os sites que utilizar.<\/p>\n<p><strong>Mudan\u00e7as de Pol\u00edtica de Privacidade<\/strong><\/p>\n<p>Este documento pode ser modificado a qualquer altura. Se a altera\u00e7\u00e3o for substancial e tiver implica\u00e7\u00f5es na forma como usamos os seus dados pessoais, ser\u00e1 informado atrav\u00e9s de uma aviso na p\u00e1gina de entrada da Bombeiros de Barrancos.<\/p>\n<p><strong>Quest\u00f5es e Sugest\u00f5es<\/strong><\/p>\n<p>Se tiver quest\u00f5es ou d\u00favidas sobre a forma como gerimos informa\u00e7\u00f5es pessoais, por favor envie-nos um email para secretaria@bvbarrancos.pt<\/p>\n","protected":false},"excerpt":{"rendered":"<p>Termos Uso e Privacidade\u00a0 Os Bombeiros de Barrancos respeitam a sua privacidade e est\u00e1 empenhada em proteger as informa\u00e7\u00f5es pessoais<\/p>\n","protected":false},"author":1,"featured_media":0,"parent":0,"menu_order":0,"comment_status":"closed","ping_status":"closed","template":"","meta":{"footnotes":"","_links_to":"","_links_to_target":""},"class_list":["post-791","page","type-page","status-publish","hentry"],"_links":{"self":[{"href":"https:\/\/bvbarrancos.pt\/index.php?rest_route=\/wp\/v2\/pages\/791","targetHints":{"allow":["GET"]}}],"collection":[{"href":"https:\/\/bvbarrancos.pt\/index.php?rest_route=\/wp\/v2\/pages"}],"about":[{"href":"https:\/\/bvbarrancos.pt\/index.php?rest_route=\/wp\/v2\/types\/page"}],"author":[{"embeddable":true,"href":"https:\/\/bvbarrancos.pt\/index.php?rest_route=\/wp\/v2\/users\/1"}],"replies":[{"embeddable":true,"href":"https:\/\/bvbarrancos.pt\/index.php?rest_route=%2Fwp%2Fv2%2Fcomments&post=791"}],"version-history":[{"count":1,"href":"https:\/\/bvbarrancos.pt\/index.php?rest_route=\/wp\/v2\/pages\/791\/revisions"}],"predecessor-version":[{"id":792,"href":"https:\/\/bvbarrancos.pt\/index.php?rest_route=\/wp\/v2\/pages\/791\/revisions\/792"}],"wp:attachment":[{"href":"https:\/\/bvbarrancos.pt\/index.php?rest_route=%2Fwp%2Fv2%2Fmedia&parent=791"}],"curies":[{"name":"wp","href":"https:\/\/api.w.org\/{rel}","templated":true}]}}